{"id":947,"date":"2023-10-13T20:29:01","date_gmt":"2023-10-13T16:29:01","guid":{"rendered":"https:\/\/stefanjardel.fr\/?page_id=947"},"modified":"2024-02-27T20:00:54","modified_gmt":"2024-02-27T16:00:54","slug":"mon-ane","status":"publish","type":"page","link":"https:\/\/stefanjardel.fr\/index.php\/mon-ane\/","title":{"rendered":"Mon \u00c2ne"},"content":{"rendered":"\t\t<div data-elementor-type=\"wp-page\" data-elementor-id=\"947\" class=\"elementor elementor-947\" data-elementor-post-type=\"page\">\n\t\t\t\t<div class=\"elementor-element elementor-element-06e1226 e-flex e-con-boxed e-con e-parent\" data-id=\"06e1226\" data-element_type=\"container\">\n\t\t\t\t\t<div class=\"e-con-inner\">\n\t\t<div class=\"elementor-element elementor-element-f654ce6 e-con-full e-flex e-con e-child\" data-id=\"f654ce6\" data-element_type=\"container\">\n\t\t\t\t<div class=\"elementor-element elementor-element-f85a0d6 elementor-widget elementor-widget-image\" data-id=\"f85a0d6\" data-element_type=\"widget\" data-widget_type=\"image.default\">\n\t\t\t\t<div class=\"elementor-widget-container\">\n\t\t\t\t\t\t\t\t\t\t\t\t\t\t\t<img fetchpriority=\"high\" decoding=\"async\" width=\"229\" height=\"306\" src=\"https:\/\/stefanjardel.fr\/wp-content\/uploads\/2024\/02\/logoane.png\" class=\"attachment-large size-large wp-image-2031\" alt=\"\" srcset=\"https:\/\/stefanjardel.fr\/wp-content\/uploads\/2024\/02\/logoane.png 229w, https:\/\/stefanjardel.fr\/wp-content\/uploads\/2024\/02\/logoane-225x300.png 225w\" sizes=\"(max-width: 229px) 100vw, 229px\" \/>\t\t\t\t\t\t\t\t\t\t\t\t\t\t\t<\/div>\n\t\t\t\t<\/div>\n\t\t\t\t<\/div>\n\t\t<div class=\"elementor-element elementor-element-55cdc7d e-con-full e-flex e-con e-child\" data-id=\"55cdc7d\" data-element_type=\"container\">\n\t\t\t\t<div class=\"elementor-element elementor-element-3771d4f elementor-widget elementor-widget-text-editor\" data-id=\"3771d4f\" data-element_type=\"widget\" data-widget_type=\"text-editor.default\">\n\t\t\t\t<div class=\"elementor-widget-container\">\n\t\t\t\t\t\t\t\t\t<p>\u00ab\u00a0Mon \u00e2ne, mon \u00e2ne<\/p><p>A bien mal \u00e0 la t\u00eate<\/p><p>Madame lui fait faire<\/p><p>Un bonnet pour sa f\u00eate<\/p><p>Un bonnet pour sa f\u00eate<\/p><p>Et des souliers lilas, la, la<\/p><p>Et des souliers lilas<\/p>\t\t\t\t\t\t\t\t<\/div>\n\t\t\t\t<\/div>\n\t\t\t\t<\/div>\n\t\t<div class=\"elementor-element elementor-element-0627594 e-con-full e-flex e-con e-child\" data-id=\"0627594\" data-element_type=\"container\">\n\t\t\t\t<div class=\"elementor-element elementor-element-21a58d4 elementor-widget elementor-widget-image\" data-id=\"21a58d4\" data-element_type=\"widget\" data-widget_type=\"image.default\">\n\t\t\t\t<div class=\"elementor-widget-container\">\n\t\t\t\t\t\t\t\t\t\t\t\t\t\t\t<img decoding=\"async\" width=\"445\" height=\"126\" src=\"https:\/\/stefanjardel.fr\/wp-content\/uploads\/2024\/02\/stephanjardel.jpg\" class=\"attachment-large size-large wp-image-1523\" alt=\"\" srcset=\"https:\/\/stefanjardel.fr\/wp-content\/uploads\/2024\/02\/stephanjardel.jpg 445w, https:\/\/stefanjardel.fr\/wp-content\/uploads\/2024\/02\/stephanjardel-300x85.jpg 300w\" sizes=\"(max-width: 445px) 100vw, 445px\" \/>\t\t\t\t\t\t\t\t\t\t\t\t\t\t\t<\/div>\n\t\t\t\t<\/div>\n\t\t\t\t<\/div>\n\t\t\t\t\t<\/div>\n\t\t\t\t<\/div>\n\t\t<div class=\"elementor-element elementor-element-ca88710 e-flex e-con-boxed e-con e-parent\" data-id=\"ca88710\" data-element_type=\"container\">\n\t\t\t\t\t<div class=\"e-con-inner\">\n\t\t<div class=\"elementor-element elementor-element-1e001ab e-con-full e-flex e-con e-child\" data-id=\"1e001ab\" data-element_type=\"container\">\n\t\t\t\t<div class=\"elementor-element elementor-element-ecb5db2 elementor-widget elementor-widget-text-editor\" data-id=\"ecb5db2\" data-element_type=\"widget\" data-widget_type=\"text-editor.default\">\n\t\t\t\t<div class=\"elementor-widget-container\">\n\t\t\t\t\t\t\t\t\t<p>\u00ab\u00a0Mon \u00c2ne\u00a0\u00bb<\/p>\t\t\t\t\t\t\t\t<\/div>\n\t\t\t\t<\/div>\n\t\t\t\t<\/div>\n\t\t<div class=\"elementor-element elementor-element-deea1f7 e-con-full e-flex e-con e-child\" data-id=\"deea1f7\" data-element_type=\"container\">\n\t\t\t\t<div class=\"elementor-element elementor-element-b77241e elementor-widget elementor-widget-text-editor\" data-id=\"b77241e\" data-element_type=\"widget\" data-widget_type=\"text-editor.default\">\n\t\t\t\t<div class=\"elementor-widget-container\">\n\t\t\t\t\t\t\t\t\t<p>2002 \u00e0 2023<\/p>\t\t\t\t\t\t\t\t<\/div>\n\t\t\t\t<\/div>\n\t\t\t\t<\/div>\n\t\t\t\t\t<\/div>\n\t\t\t\t<\/div>\n\t\t<div class=\"elementor-element elementor-element-41f73fe e-flex e-con-boxed e-con e-parent\" data-id=\"41f73fe\" data-element_type=\"container\">\n\t\t\t\t\t<div class=\"e-con-inner\">\n\t\t<div class=\"elementor-element elementor-element-0dd320a e-con-full e-flex e-con e-child\" data-id=\"0dd320a\" data-element_type=\"container\">\n\t\t\t\t<div class=\"elementor-element elementor-element-7521d17 elementor-widget elementor-widget-image\" data-id=\"7521d17\" data-element_type=\"widget\" data-widget_type=\"image.default\">\n\t\t\t\t<div class=\"elementor-widget-container\">\n\t\t\t\t\t\t\t\t\t\t\t\t\t\t\t<img decoding=\"async\" width=\"480\" height=\"600\" src=\"https:\/\/stefanjardel.fr\/wp-content\/uploads\/2023\/10\/ane12-820x1024.jpg\" class=\"attachment-large size-large wp-image-967\" alt=\"\" srcset=\"https:\/\/stefanjardel.fr\/wp-content\/uploads\/2023\/10\/ane12-820x1024.jpg 820w, https:\/\/stefanjardel.fr\/wp-content\/uploads\/2023\/10\/ane12-240x300.jpg 240w, https:\/\/stefanjardel.fr\/wp-content\/uploads\/2023\/10\/ane12-768x959.jpg 768w, https:\/\/stefanjardel.fr\/wp-content\/uploads\/2023\/10\/ane12-1230x1536.jpg 1230w, https:\/\/stefanjardel.fr\/wp-content\/uploads\/2023\/10\/ane12-1640x2048.jpg 1640w\" sizes=\"(max-width: 480px) 100vw, 480px\" \/>\t\t\t\t\t\t\t\t\t\t\t\t\t\t\t<\/div>\n\t\t\t\t<\/div>\n\t\t\t\t<\/div>\n\t\t<div class=\"elementor-element elementor-element-d343726 e-con-full e-flex e-con e-child\" data-id=\"d343726\" data-element_type=\"container\">\n\t\t\t\t<div class=\"elementor-element elementor-element-56e600f elementor-widget elementor-widget-image\" data-id=\"56e600f\" data-element_type=\"widget\" data-widget_type=\"image.default\">\n\t\t\t\t<div class=\"elementor-widget-container\">\n\t\t\t\t\t\t\t\t\t\t\t\t\t\t\t<img loading=\"lazy\" decoding=\"async\" width=\"476\" height=\"600\" src=\"https:\/\/stefanjardel.fr\/wp-content\/uploads\/2023\/10\/ane14-812x1024.jpg\" class=\"attachment-large size-large wp-image-977\" alt=\"\" srcset=\"https:\/\/stefanjardel.fr\/wp-content\/uploads\/2023\/10\/ane14-812x1024.jpg 812w, https:\/\/stefanjardel.fr\/wp-content\/uploads\/2023\/10\/ane14-238x300.jpg 238w, https:\/\/stefanjardel.fr\/wp-content\/uploads\/2023\/10\/ane14-768x968.jpg 768w, https:\/\/stefanjardel.fr\/wp-content\/uploads\/2023\/10\/ane14-1219x1536.jpg 1219w, https:\/\/stefanjardel.fr\/wp-content\/uploads\/2023\/10\/ane14-1625x2048.jpg 1625w, https:\/\/stefanjardel.fr\/wp-content\/uploads\/2023\/10\/ane14.jpg 2031w\" sizes=\"(max-width: 476px) 100vw, 476px\" \/>\t\t\t\t\t\t\t\t\t\t\t\t\t\t\t<\/div>\n\t\t\t\t<\/div>\n\t\t\t\t<\/div>\n\t\t\t\t\t<\/div>\n\t\t\t\t<\/div>\n\t\t<div class=\"elementor-element elementor-element-e91efc4 e-flex e-con-boxed e-con e-parent\" data-id=\"e91efc4\" data-element_type=\"container\">\n\t\t\t\t\t<div class=\"e-con-inner\">\n\t\t\t\t<div class=\"elementor-element elementor-element-a9d56e6 elementor-widget elementor-widget-spacer\" data-id=\"a9d56e6\" data-element_type=\"widget\" data-widget_type=\"spacer.default\">\n\t\t\t\t<div class=\"elementor-widget-container\">\n\t\t\t\t\t\t\t<div class=\"elementor-spacer\">\n\t\t\t<div class=\"elementor-spacer-inner\"><\/div>\n\t\t<\/div>\n\t\t\t\t\t\t<\/div>\n\t\t\t\t<\/div>\n\t\t\t\t\t<\/div>\n\t\t\t\t<\/div>\n\t\t<div class=\"elementor-element elementor-element-1dd7bff e-flex e-con-boxed e-con e-parent\" data-id=\"1dd7bff\" data-element_type=\"container\">\n\t\t\t\t\t<div class=\"e-con-inner\">\n\t\t\t\t<div class=\"elementor-element elementor-element-36a14e8 elementor-widget elementor-widget-text-editor\" data-id=\"36a14e8\" data-element_type=\"widget\" data-widget_type=\"text-editor.default\">\n\t\t\t\t<div class=\"elementor-widget-container\">\n\t\t\t\t\t\t\t\t\t<div id=\"metaslider-id-970\" style=\"width: 100%; margin: 0 auto;\" class=\"ml-slider-3-107-0 metaslider metaslider-flex metaslider-970 ml-slider has-carousel-mode ms-theme-default nav-hidden\" role=\"region\" aria-label=\"Mon Ane\" data-height=\"200\" data-width=\"200\">\n    <div id=\"metaslider_container_970\">\n        <div id=\"metaslider_970\" class=\"flexslider\">\n            <ul class='slides'>\n                <li style=\"display: none; width: 100%;\" class=\"slide-971 ms-image \" aria-roledescription=\"slide\" data-date=\"2023-10-13 20:36:42\" data-filename=\"ane03-scaled-200x200.jpeg\" data-slide-type=\"image\"><a href=\"https:\/\/stefanjardel.fr\/wp-content\/uploads\/2023\/10\/ane03-scaled.jpeg\" target=\"_self\" aria-label=\"Voir les d\u00e9tails de la diapositive\" class=\"metaslider_image_link\"><img loading=\"lazy\" decoding=\"async\" src=\"https:\/\/stefanjardel.fr\/wp-content\/uploads\/2023\/10\/ane03-scaled-200x200.jpeg\" height=\"200\" width=\"200\" alt=\"\" class=\"slider-970 slide-971 msDefaultImage\" title=\"ane03\" \/><\/a><\/li>\n                <li style=\"display: none; width: 100%;\" class=\"slide-972 ms-image \" aria-roledescription=\"slide\" data-date=\"2023-10-13 20:36:55\" data-filename=\"ane12-200x200.jpg\" data-slide-type=\"image\"><a href=\"https:\/\/stefanjardel.fr\/wp-content\/uploads\/2023\/10\/ane12.jpg\" target=\"_self\" aria-label=\"Voir les d\u00e9tails de la diapositive\" class=\"metaslider_image_link\"><img loading=\"lazy\" decoding=\"async\" src=\"https:\/\/stefanjardel.fr\/wp-content\/uploads\/2023\/10\/ane12-200x200.jpg\" height=\"200\" width=\"200\" alt=\"\" class=\"slider-970 slide-972 msDefaultImage\" title=\"ane12\" \/><\/a><\/li>\n                <li style=\"display: none; width: 100%;\" class=\"slide-973 ms-image \" aria-roledescription=\"slide\" data-date=\"2023-10-13 20:37:07\" data-filename=\"ane18-200x200.jpeg\" data-slide-type=\"image\"><a href=\"https:\/\/stefanjardel.fr\/wp-content\/uploads\/2023\/10\/ane18.jpeg\" target=\"_self\" aria-label=\"Voir les d\u00e9tails de la diapositive\" class=\"metaslider_image_link\"><img loading=\"lazy\" decoding=\"async\" src=\"https:\/\/stefanjardel.fr\/wp-content\/uploads\/2023\/10\/ane18-200x200.jpeg\" height=\"200\" width=\"200\" alt=\"\" class=\"slider-970 slide-973 msDefaultImage\" title=\"ane18\" \/><\/a><\/li>\n                <li style=\"display: none; width: 100%;\" class=\"slide-974 ms-image \" aria-roledescription=\"slide\" data-date=\"2023-10-13 20:37:18\" data-filename=\"ane17-200x200.jpeg\" data-slide-type=\"image\"><a href=\"https:\/\/stefanjardel.fr\/wp-content\/uploads\/2023\/10\/ane17.jpeg\" target=\"_self\" aria-label=\"Voir les d\u00e9tails de la diapositive\" class=\"metaslider_image_link\"><img loading=\"lazy\" decoding=\"async\" src=\"https:\/\/stefanjardel.fr\/wp-content\/uploads\/2023\/10\/ane17-200x200.jpeg\" height=\"200\" width=\"200\" alt=\"\" class=\"slider-970 slide-974 msDefaultImage\" title=\"ane17\" \/><\/a><\/li>\n                <li style=\"display: none; width: 100%;\" class=\"slide-975 ms-image \" aria-roledescription=\"slide\" data-date=\"2023-10-13 20:37:28\" data-filename=\"ane16-200x200.jpg\" data-slide-type=\"image\"><a href=\"https:\/\/stefanjardel.fr\/wp-content\/uploads\/2023\/10\/ane16.jpg\" target=\"_self\" aria-label=\"Voir les d\u00e9tails de la diapositive\" class=\"metaslider_image_link\"><img loading=\"lazy\" decoding=\"async\" src=\"https:\/\/stefanjardel.fr\/wp-content\/uploads\/2023\/10\/ane16-200x200.jpg\" height=\"200\" width=\"200\" alt=\"\" class=\"slider-970 slide-975 msDefaultImage\" title=\"ane16\" \/><\/a><\/li>\n                <li style=\"display: none; width: 100%;\" class=\"slide-978 ms-image \" aria-roledescription=\"slide\" data-date=\"2023-10-13 20:40:53\" data-filename=\"ane13-200x200.jpg\" data-slide-type=\"image\"><a href=\"https:\/\/stefanjardel.fr\/wp-content\/uploads\/2023\/10\/ane13.jpg\" target=\"_self\" aria-label=\"Voir les d\u00e9tails de la diapositive\" class=\"metaslider_image_link\"><img loading=\"lazy\" decoding=\"async\" src=\"https:\/\/stefanjardel.fr\/wp-content\/uploads\/2023\/10\/ane13-200x200.jpg\" height=\"200\" width=\"200\" alt=\"\" class=\"slider-970 slide-978 msDefaultImage\" title=\"ane13\" \/><\/a><\/li>\n                <li style=\"display: none; width: 100%;\" class=\"slide-979 ms-image \" aria-roledescription=\"slide\" data-date=\"2023-10-13 20:41:13\" data-filename=\"ane11-200x200.jpeg\" data-slide-type=\"image\"><a href=\"https:\/\/stefanjardel.fr\/wp-content\/uploads\/2023\/10\/ane11.jpeg\" target=\"_self\" aria-label=\"Voir les d\u00e9tails de la diapositive\" class=\"metaslider_image_link\"><img loading=\"lazy\" decoding=\"async\" src=\"https:\/\/stefanjardel.fr\/wp-content\/uploads\/2023\/10\/ane11-200x200.jpeg\" height=\"200\" width=\"200\" alt=\"\" class=\"slider-970 slide-979 msDefaultImage\" title=\"ane11\" \/><\/a><\/li>\n                <li style=\"display: none; width: 100%;\" class=\"slide-980 ms-image \" aria-roledescription=\"slide\" data-date=\"2023-10-13 20:41:32\" data-filename=\"ane10-200x200.jpeg\" data-slide-type=\"image\"><a href=\"https:\/\/stefanjardel.fr\/wp-content\/uploads\/2023\/10\/ane10.jpeg\" target=\"_self\" aria-label=\"Voir les d\u00e9tails de la diapositive\" class=\"metaslider_image_link\"><img loading=\"lazy\" decoding=\"async\" src=\"https:\/\/stefanjardel.fr\/wp-content\/uploads\/2023\/10\/ane10-200x200.jpeg\" height=\"200\" width=\"200\" alt=\"\" class=\"slider-970 slide-980 msDefaultImage\" title=\"ane10\" \/><\/a><\/li>\n                <li style=\"display: none; width: 100%;\" class=\"slide-981 ms-image \" aria-roledescription=\"slide\" data-date=\"2023-10-13 20:41:47\" data-filename=\"ane09-200x200.jpeg\" data-slide-type=\"image\"><a href=\"https:\/\/stefanjardel.fr\/wp-content\/uploads\/2023\/10\/ane09.jpeg\" target=\"_self\" aria-label=\"Voir les d\u00e9tails de la diapositive\" class=\"metaslider_image_link\"><img loading=\"lazy\" decoding=\"async\" src=\"https:\/\/stefanjardel.fr\/wp-content\/uploads\/2023\/10\/ane09-200x200.jpeg\" height=\"200\" width=\"200\" alt=\"\" class=\"slider-970 slide-981 msDefaultImage\" title=\"ane09\" \/><\/a><\/li>\n                <li style=\"display: none; width: 100%;\" class=\"slide-982 ms-image \" aria-roledescription=\"slide\" data-date=\"2023-10-13 20:42:00\" data-filename=\"ane08-scaled-200x200.jpeg\" data-slide-type=\"image\"><a href=\"https:\/\/stefanjardel.fr\/wp-content\/uploads\/2023\/10\/ane08-scaled.jpeg\" target=\"_self\" aria-label=\"Voir les d\u00e9tails de la diapositive\" class=\"metaslider_image_link\"><img loading=\"lazy\" decoding=\"async\" src=\"https:\/\/stefanjardel.fr\/wp-content\/uploads\/2023\/10\/ane08-scaled-200x200.jpeg\" height=\"200\" width=\"200\" alt=\"\" class=\"slider-970 slide-982 msDefaultImage\" title=\"ane08\" \/><\/a><\/li>\n                <li style=\"display: none; width: 100%;\" class=\"slide-984 ms-image \" aria-roledescription=\"slide\" data-date=\"2023-10-13 20:42:28\" data-filename=\"ane07-200x200.jpeg\" data-slide-type=\"image\"><a href=\"https:\/\/stefanjardel.fr\/wp-content\/uploads\/2023\/10\/ane07.jpeg\" target=\"_self\" aria-label=\"Voir les d\u00e9tails de la diapositive\" class=\"metaslider_image_link\"><img loading=\"lazy\" decoding=\"async\" src=\"https:\/\/stefanjardel.fr\/wp-content\/uploads\/2023\/10\/ane07-200x200.jpeg\" height=\"200\" width=\"200\" alt=\"\" class=\"slider-970 slide-984 msDefaultImage\" title=\"ane07\" \/><\/a><\/li>\n                <li style=\"display: none; width: 100%;\" class=\"slide-985 ms-image \" aria-roledescription=\"slide\" data-date=\"2023-10-13 20:42:39\" data-filename=\"ane06-200x200.jpeg\" data-slide-type=\"image\"><a href=\"https:\/\/stefanjardel.fr\/wp-content\/uploads\/2023\/10\/ane06.jpeg\" target=\"_self\" aria-label=\"Voir les d\u00e9tails de la diapositive\" class=\"metaslider_image_link\"><img loading=\"lazy\" decoding=\"async\" src=\"https:\/\/stefanjardel.fr\/wp-content\/uploads\/2023\/10\/ane06-200x200.jpeg\" height=\"200\" width=\"200\" alt=\"\" class=\"slider-970 slide-985 msDefaultImage\" title=\"ane06\" \/><\/a><\/li>\n                <li style=\"display: none; width: 100%;\" class=\"slide-987 ms-image \" aria-roledescription=\"slide\" data-date=\"2023-10-13 20:43:04\" data-filename=\"ane04-200x200.jpeg\" data-slide-type=\"image\"><a href=\"https:\/\/stefanjardel.fr\/wp-content\/uploads\/2023\/10\/ane04.jpeg\" target=\"_self\" aria-label=\"Voir les d\u00e9tails de la diapositive\" class=\"metaslider_image_link\"><img loading=\"lazy\" decoding=\"async\" src=\"https:\/\/stefanjardel.fr\/wp-content\/uploads\/2023\/10\/ane04-200x200.jpeg\" height=\"200\" width=\"200\" alt=\"\" class=\"slider-970 slide-987 msDefaultImage\" title=\"ane04\" \/><\/a><\/li>\n                <li style=\"display: none; width: 100%;\" class=\"slide-988 ms-image \" aria-roledescription=\"slide\" data-date=\"2023-10-13 20:43:13\" data-filename=\"ane02-scaled-200x200.jpeg\" data-slide-type=\"image\"><a href=\"https:\/\/stefanjardel.fr\/wp-content\/uploads\/2023\/10\/ane02-scaled.jpeg\" target=\"_self\" aria-label=\"Voir les d\u00e9tails de la diapositive\" class=\"metaslider_image_link\"><img loading=\"lazy\" decoding=\"async\" src=\"https:\/\/stefanjardel.fr\/wp-content\/uploads\/2023\/10\/ane02-scaled-200x200.jpeg\" height=\"200\" width=\"200\" alt=\"\" class=\"slider-970 slide-988 msDefaultImage\" title=\"ane02\" \/><\/a><\/li>\n                <li style=\"display: none; width: 100%;\" class=\"slide-989 ms-image \" aria-roledescription=\"slide\" data-date=\"2023-10-13 20:43:20\" data-filename=\"ane01-200x200.jpeg\" data-slide-type=\"image\"><a href=\"https:\/\/stefanjardel.fr\/wp-content\/uploads\/2023\/10\/ane01.jpeg\" target=\"_self\" aria-label=\"Voir les d\u00e9tails de la diapositive\" class=\"metaslider_image_link\"><img loading=\"lazy\" decoding=\"async\" src=\"https:\/\/stefanjardel.fr\/wp-content\/uploads\/2023\/10\/ane01-200x200.jpeg\" height=\"200\" width=\"200\" alt=\"\" class=\"slider-970 slide-989 msDefaultImage\" title=\"ane01\" \/><\/a><\/li>\n            <\/ul>\n        <\/div>\n        \n    <\/div>\n<\/div>\t\t\t\t\t\t\t\t<\/div>\n\t\t\t\t<\/div>\n\t\t\t\t\t<\/div>\n\t\t\t\t<\/div>\n\t\t\t\t<\/div>\n\t\t","protected":false},"excerpt":{"rendered":"<p>\u00ab\u00a0Mon \u00e2ne, mon \u00e2ne A bien mal \u00e0 la t\u00eate Madame lui fait faire Un bonnet pour sa f\u00eate Un bonnet pour sa f\u00eate Et des souliers lilas, la, la Et des souliers lilas \u00ab\u00a0Mon \u00c2ne\u00a0\u00bb 2002 \u00e0 2023<\/p>\n","protected":false},"author":1,"featured_media":0,"parent":0,"menu_order":0,"comment_status":"closed","ping_status":"closed","template":"","meta":{"footnotes":""},"class_list":["post-947","page","type-page","status-publish","hentry"],"yoast_head":"<!-- This site is optimized with the Yoast SEO plugin v22.4 - https:\/\/yoast.com\/wordpress\/plugins\/seo\/ -->\n<title>Mon \u00c2ne - Stefan Jardel<\/title>\n<meta name=\"robots\" content=\"index, follow, max-snippet:-1, max-image-preview:large, max-video-preview:-1\" \/>\n<link rel=\"canonical\" href=\"https:\/\/stefanjardel.fr\/index.php\/mon-ane\/\" \/>\n<meta property=\"og:locale\" content=\"fr_FR\" \/>\n<meta property=\"og:type\" content=\"article\" \/>\n<meta property=\"og:title\" content=\"Mon \u00c2ne - Stefan Jardel\" \/>\n<meta property=\"og:description\" content=\"\u00ab\u00a0Mon \u00e2ne, mon \u00e2ne A bien mal \u00e0 la t\u00eate Madame lui fait faire Un bonnet pour sa f\u00eate Un bonnet pour sa f\u00eate Et des souliers lilas, la, la Et des souliers lilas \u00ab\u00a0Mon \u00c2ne\u00a0\u00bb 2002 \u00e0 2023\" \/>\n<meta property=\"og:url\" content=\"https:\/\/stefanjardel.fr\/index.php\/mon-ane\/\" \/>\n<meta property=\"og:site_name\" content=\"Stefan Jardel\" \/>\n<meta property=\"article:publisher\" content=\"https:\/\/www.facebook.com\/profile.php?id=100010502373992\" \/>\n<meta property=\"article:modified_time\" content=\"2024-02-27T16:00:54+00:00\" \/>\n<meta property=\"og:image\" content=\"https:\/\/stefanjardel.fr\/wp-content\/uploads\/2024\/02\/logoane.png\" \/>\n<meta name=\"twitter:card\" content=\"summary_large_image\" \/>\n<script type=\"application\/ld+json\" class=\"yoast-schema-graph\">{\"@context\":\"https:\/\/schema.org\",\"@graph\":[{\"@type\":\"WebPage\",\"@id\":\"https:\/\/stefanjardel.fr\/index.php\/mon-ane\/\",\"url\":\"https:\/\/stefanjardel.fr\/index.php\/mon-ane\/\",\"name\":\"Mon \u00c2ne - Stefan Jardel\",\"isPartOf\":{\"@id\":\"https:\/\/stefanjardel.fr\/#website\"},\"primaryImageOfPage\":{\"@id\":\"https:\/\/stefanjardel.fr\/index.php\/mon-ane\/#primaryimage\"},\"image\":{\"@id\":\"https:\/\/stefanjardel.fr\/index.php\/mon-ane\/#primaryimage\"},\"thumbnailUrl\":\"https:\/\/stefanjardel.fr\/wp-content\/uploads\/2024\/02\/logoane.png\",\"datePublished\":\"2023-10-13T16:29:01+00:00\",\"dateModified\":\"2024-02-27T16:00:54+00:00\",\"breadcrumb\":{\"@id\":\"https:\/\/stefanjardel.fr\/index.php\/mon-ane\/#breadcrumb\"},\"inLanguage\":\"fr-FR\",\"potentialAction\":[{\"@type\":\"ReadAction\",\"target\":[\"https:\/\/stefanjardel.fr\/index.php\/mon-ane\/\"]}]},{\"@type\":\"ImageObject\",\"inLanguage\":\"fr-FR\",\"@id\":\"https:\/\/stefanjardel.fr\/index.php\/mon-ane\/#primaryimage\",\"url\":\"https:\/\/stefanjardel.fr\/wp-content\/uploads\/2024\/02\/logoane.png\",\"contentUrl\":\"https:\/\/stefanjardel.fr\/wp-content\/uploads\/2024\/02\/logoane.png\",\"width\":229,\"height\":306},{\"@type\":\"BreadcrumbList\",\"@id\":\"https:\/\/stefanjardel.fr\/index.php\/mon-ane\/#breadcrumb\",\"itemListElement\":[{\"@type\":\"ListItem\",\"position\":1,\"name\":\"Accueil\",\"item\":\"https:\/\/stefanjardel.fr\/\"},{\"@type\":\"ListItem\",\"position\":2,\"name\":\"Mon \u00c2ne\"}]},{\"@type\":\"WebSite\",\"@id\":\"https:\/\/stefanjardel.fr\/#website\",\"url\":\"https:\/\/stefanjardel.fr\/\",\"name\":\"Stefan Jardel\",\"description\":\"\",\"publisher\":{\"@id\":\"https:\/\/stefanjardel.fr\/#organization\"},\"potentialAction\":[{\"@type\":\"SearchAction\",\"target\":{\"@type\":\"EntryPoint\",\"urlTemplate\":\"https:\/\/stefanjardel.fr\/?s={search_term_string}\"},\"query-input\":\"required name=search_term_string\"}],\"inLanguage\":\"fr-FR\"},{\"@type\":\"Organization\",\"@id\":\"https:\/\/stefanjardel.fr\/#organization\",\"name\":\"Stephane Jardel\",\"url\":\"https:\/\/stefanjardel.fr\/\",\"logo\":{\"@type\":\"ImageObject\",\"inLanguage\":\"fr-FR\",\"@id\":\"https:\/\/stefanjardel.fr\/#\/schema\/logo\/image\/\",\"url\":\"https:\/\/stefanjardel.fr\/wp-content\/uploads\/2023\/08\/portrait_recoupe.png\",\"contentUrl\":\"https:\/\/stefanjardel.fr\/wp-content\/uploads\/2023\/08\/portrait_recoupe.png\",\"width\":350,\"height\":365,\"caption\":\"Stephane Jardel\"},\"image\":{\"@id\":\"https:\/\/stefanjardel.fr\/#\/schema\/logo\/image\/\"},\"sameAs\":[\"https:\/\/www.facebook.com\/profile.php?id=100010502373992\"]}]}<\/script>\n<!-- \/ Yoast SEO plugin. -->","yoast_head_json":{"title":"Mon \u00c2ne - Stefan Jardel","robots":{"index":"index","follow":"follow","max-snippet":"max-snippet:-1","max-image-preview":"max-image-preview:large","max-video-preview":"max-video-preview:-1"},"canonical":"https:\/\/stefanjardel.fr\/index.php\/mon-ane\/","og_locale":"fr_FR","og_type":"article","og_title":"Mon \u00c2ne - Stefan Jardel","og_description":"\u00ab\u00a0Mon \u00e2ne, mon \u00e2ne A bien mal \u00e0 la t\u00eate Madame lui fait faire Un bonnet pour sa f\u00eate Un bonnet pour sa f\u00eate Et des souliers lilas, la, la Et des souliers lilas \u00ab\u00a0Mon \u00c2ne\u00a0\u00bb 2002 \u00e0 2023","og_url":"https:\/\/stefanjardel.fr\/index.php\/mon-ane\/","og_site_name":"Stefan Jardel","article_publisher":"https:\/\/www.facebook.com\/profile.php?id=100010502373992","article_modified_time":"2024-02-27T16:00:54+00:00","og_image":[{"url":"https:\/\/stefanjardel.fr\/wp-content\/uploads\/2024\/02\/logoane.png"}],"twitter_card":"summary_large_image","schema":{"@context":"https:\/\/schema.org","@graph":[{"@type":"WebPage","@id":"https:\/\/stefanjardel.fr\/index.php\/mon-ane\/","url":"https:\/\/stefanjardel.fr\/index.php\/mon-ane\/","name":"Mon \u00c2ne - Stefan Jardel","isPartOf":{"@id":"https:\/\/stefanjardel.fr\/#website"},"primaryImageOfPage":{"@id":"https:\/\/stefanjardel.fr\/index.php\/mon-ane\/#primaryimage"},"image":{"@id":"https:\/\/stefanjardel.fr\/index.php\/mon-ane\/#primaryimage"},"thumbnailUrl":"https:\/\/stefanjardel.fr\/wp-content\/uploads\/2024\/02\/logoane.png","datePublished":"2023-10-13T16:29:01+00:00","dateModified":"2024-02-27T16:00:54+00:00","breadcrumb":{"@id":"https:\/\/stefanjardel.fr\/index.php\/mon-ane\/#breadcrumb"},"inLanguage":"fr-FR","potentialAction":[{"@type":"ReadAction","target":["https:\/\/stefanjardel.fr\/index.php\/mon-ane\/"]}]},{"@type":"ImageObject","inLanguage":"fr-FR","@id":"https:\/\/stefanjardel.fr\/index.php\/mon-ane\/#primaryimage","url":"https:\/\/stefanjardel.fr\/wp-content\/uploads\/2024\/02\/logoane.png","contentUrl":"https:\/\/stefanjardel.fr\/wp-content\/uploads\/2024\/02\/logoane.png","width":229,"height":306},{"@type":"BreadcrumbList","@id":"https:\/\/stefanjardel.fr\/index.php\/mon-ane\/#breadcrumb","itemListElement":[{"@type":"ListItem","position":1,"name":"Accueil","item":"https:\/\/stefanjardel.fr\/"},{"@type":"ListItem","position":2,"name":"Mon \u00c2ne"}]},{"@type":"WebSite","@id":"https:\/\/stefanjardel.fr\/#website","url":"https:\/\/stefanjardel.fr\/","name":"Stefan Jardel","description":"","publisher":{"@id":"https:\/\/stefanjardel.fr\/#organization"},"potentialAction":[{"@type":"SearchAction","target":{"@type":"EntryPoint","urlTemplate":"https:\/\/stefanjardel.fr\/?s={search_term_string}"},"query-input":"required name=search_term_string"}],"inLanguage":"fr-FR"},{"@type":"Organization","@id":"https:\/\/stefanjardel.fr\/#organization","name":"Stephane Jardel","url":"https:\/\/stefanjardel.fr\/","logo":{"@type":"ImageObject","inLanguage":"fr-FR","@id":"https:\/\/stefanjardel.fr\/#\/schema\/logo\/image\/","url":"https:\/\/stefanjardel.fr\/wp-content\/uploads\/2023\/08\/portrait_recoupe.png","contentUrl":"https:\/\/stefanjardel.fr\/wp-content\/uploads\/2023\/08\/portrait_recoupe.png","width":350,"height":365,"caption":"Stephane Jardel"},"image":{"@id":"https:\/\/stefanjardel.fr\/#\/schema\/logo\/image\/"},"sameAs":["https:\/\/www.facebook.com\/profile.php?id=100010502373992"]}]}},"_links":{"self":[{"href":"https:\/\/stefanjardel.fr\/index.php\/wp-json\/wp\/v2\/pages\/947","targetHints":{"allow":["GET"]}}],"collection":[{"href":"https:\/\/stefanjardel.fr\/index.php\/wp-json\/wp\/v2\/pages"}],"about":[{"href":"https:\/\/stefanjardel.fr\/index.php\/wp-json\/wp\/v2\/types\/page"}],"author":[{"embeddable":true,"href":"https:\/\/stefanjardel.fr\/index.php\/wp-json\/wp\/v2\/users\/1"}],"replies":[{"embeddable":true,"href":"https:\/\/stefanjardel.fr\/index.php\/wp-json\/wp\/v2\/comments?post=947"}],"version-history":[{"count":9,"href":"https:\/\/stefanjardel.fr\/index.php\/wp-json\/wp\/v2\/pages\/947\/revisions"}],"predecessor-version":[{"id":2037,"href":"https:\/\/stefanjardel.fr\/index.php\/wp-json\/wp\/v2\/pages\/947\/revisions\/2037"}],"wp:attachment":[{"href":"https:\/\/stefanjardel.fr\/index.php\/wp-json\/wp\/v2\/media?parent=947"}],"curies":[{"name":"wp","href":"https:\/\/api.w.org\/{rel}","templated":true}]}}